2, 7, 97, 1117, 2113
List the prime factors of 978130.
2, 5, 97813
What are the prime factors of 300035693?
300035693
What are the prime factors of 164830056?
2, 3, 331, 20749
List the prime factors of 881473191.
3, 331, 673, 1319
List the prime factors of 155861761.
11, 14169251
What are the prime factors of 2065759299?
3, 229528811
What are the prime factors of 29757614?
2, 14878807
List the prime factors of 29484823.
1367, 21569
What are the prime factors of 143720688?
2, 3, 107, 27983
List the prime factors of 3840413192.
2, 7, 11, 566767
List the prime factors of 1914704221.
1914704221
List the prime factors of 57187833.
3, 2039, 9349
List the prime factors of 14154613.
11, 1286783
List the prime factors of 16618188.
2, 3, 1384849
What are the prime factors of 54342627?
3, 18114209
List the prime factors of 4003125464.
2, 13, 38491591
What are the prime factors of 108088603?
7, 313, 49333
What are the prime factors of 54003298?
2, 27001649
What are the prime factors of 3408418362?
2, 3, 568069727
What are the prime factors of 715545668?
2, 71, 503, 5009
List the prime factors of 2020965884.
2, 7, 103, 700751
What are the prime factors of 24825566?
2, 29, 428027
What are the prime factors of 320104881?
3, 61, 583069
List the prime factors of 293640567.
3, 11, 8898199
What are the prime factors of 43127943?
3, 14375981
List the prime factors of 3428657543.
3428657543
List the prime factors of 553941116.
2, 829, 167051
What are the prime factors of 1686271534?
2, 41, 20564287
What are the prime factors of 4935466248?
2, 3, 17, 12096731
What are the prime factors of 67883108?
2, 17, 998281
List the prime factors of 399098145.
3, 5, 29, 397, 2311
List the prime factors of 872614237.
11, 431, 184057
List the prime factors of 3676950143.
257, 14307199
What are the prime factors of 2273312691?
3, 13, 41, 43, 103, 107
List the prime factors of 936449834.
2, 97, 233, 20717
What are the prime factors of 38569186?
2, 19284593
What are the prime factors of 17868634?
2, 7, 182333
What are the prime factors of 42979350?
2, 3, 5, 349, 821
List the prime factors of 50275906.
2, 53, 59, 8039
What are the prime factors of 1855952777?
7, 23, 103, 111919
List the prime factors of 128879649.
3, 23, 622607
What are the prime factors of 3555801680?
2, 5, 31, 317, 4523
List the prime factors of 266027460.
2, 3, 5, 59, 75149
List the prime factors of 40973336.
2, 5121667
What are the prime factors of 1592588991?
3, 7, 75837571
What are the prime factors of 163216406?
2, 81608203
What are the prime factors of 31664494?
2, 15832247
What are the prime factors of 1421058618?
2, 3, 7, 11278243
What are the prime factors of 450858789?
3, 50095421
What are the prime factors of 2313931574?
2, 17, 31, 2195381
What are the prime factors of 98749808?
2, 103, 59921
List the prime factors of 274710023.
7, 61, 73, 1259
List the prime factors of 499542480.
2, 3, 5, 693809
What are the prime factors of 102801035?
5, 20560207
List the prime factors of 111060642.
2, 3, 7, 11, 421, 571
What are the prime factors of 188541863?
47, 4011529
What are the prime factors of 102262067?
6911, 14797
List the prime factors of 201065947.
107, 1879121
What are the prime factors of 44352486?
2, 3, 431, 5717
List the prime factors of 84075031.
29, 2899139
List the prime factors of 8043160.
2, 5, 233, 863
List the prime factors of 320031846.
2, 3, 3691, 4817
What are the prime factors of 64383528?
2, 3, 11, 31, 7867
What are the prime factors of 2334668792?
2, 907, 321757
What are the prime factors of 67782870?
2, 3, 5, 753143
What are the prime factors of 591871353?
3, 29, 6803119
List the prime factors of 83384585.
5, 1723, 9679
What are the prime factors of 15957416?
2, 19, 277, 379
List the prime factors of 80430309.
3, 53, 168617
List the prime factors of 358525183.
163, 457, 4813
List the prime factors of 207445502.
2, 11, 43, 103, 2129
List the prime factors of 285049765.
5, 7, 11, 13, 337
What are the prime factors of 1324108037?
7, 27022613
List the prime factors of 18188682.
2, 3, 37, 81931
List the prime factors of 9284631.
3, 3094877
List the prime factors of 163576363.
17, 9622139
What are the prime factors of 4609239?
3, 83, 107, 173
List the prime factors of 610323379.
347, 1758857
List the prime factors of 55062598.
2, 23, 1197013
What are the prime factors of 6328512?
2, 3, 10987
What are the prime factors of 933714626?
2, 13, 35912101
What are the prime factors of 222601696?
2, 53, 131251
What are the prime factors of 5101907358?
2, 3, 3313, 256661
List the prime factors of 1616747328.
2, 3, 7, 17, 103, 229
What are the prime factors of 2633625062?
2, 907, 1451833
What are the prime factors of 675064478?
2, 11, 47, 181, 3607
What are the prime factors of 442781809?
23, 19251383
List the prime factors of 57715300.
2, 5, 577153
List the prime factors of 144194421.
3, 7, 769, 8929
List the prime factors of 1984087858.
2, 89, 97, 114913
What are the prime factors of 199858322?
2, 99929161
List the prime factors of 875534686.
2, 13, 251, 134161
List the prime factors of 174156563.
7, 293, 84913
List the prime factors of 1175339918.
2, 587669959
What are the prime factors of 149812875?
3, 5, 44389
List the prime factors of 125109957.
3, 7, 5957617
What are the prime factors of 5251530179?
7, 4337, 172981
What are the prime factors of 719862652?
2, 19, 83, 139, 821
List the prime factors of 323467650.
2, 3, 5, 11, 101, 647
List the prime factors of 922693569.
3, 7, 6276827
What are the prime factors of 20704988?
2, 59, 1487
List the prime factors of 11933828.
2, 2983457
What are the prime factors of 335022658?
2, 1759, 95231
List the prime factors of 209751658.
2, 137, 239, 3203
What are the prime factors of 15365229?
3, 11, 17, 61, 449
What are the prime factors of 649376243?
19, 59, 579283
List the prime factors of 2259503521.
11, 47, 383, 11411
What are the prime factors of 523975725?
3, 5, 7, 13, 157, 163
List the prime factors of 221275336.
2, 29, 953773
What are the prime factors of 538680420?
2, 3, 5, 151, 19819
List the prime factors of 1163880584.
2, 37, 67, 58687
What are the prime factors of 440116322?
2, 103, 2136487
What are the prime factors of 596217320?
2, 5, 14905433
What are the prime factors of 3786363833?
7, 19, 2341, 12161
List the prime factors of 36343008.
2, 3, 13, 17, 571
List the prime factors of 2244871944.
2, 3, 7, 23, 31, 6247
What are the prime factors of 54795859?
131, 418289
What are the prime factors of 26854076?
2, 587, 11437
List the prime factors of 76105811.
19, 59, 67891
List the prime factors of 77862878.
2, 38931439
List the prime factors of 120436209.
3, 31, 431671
What are the prime factors of 33963682?
2, 16981841
List the prime factors of 1545129264.
2, 3, 7, 71, 239, 271
List the prime factors of 3080778572.
2, 5557, 138599
List the prime factors of 30421592.
2, 3802699
What are the prime factors of 75546556?
2, 71, 266009
List the prime factors of 271991699.
7, 37, 71, 2113
List the prime factors of 537212730.
2, 3, 5, 761, 23531
List the prime factors of 298759973.
311, 960643
List the prime factors of 58428483.
3, 19476161
What are the prime factors of 124239670?
2, 5, 19, 653893
List the prime factors of 27011439.
3, 7, 13, 43, 59
What are the prime factors of 12642124?
2, 11, 287321
What are the prime factors of 13343523?
3, 4447841
What are the prime factors of 279299187?
3, 1663, 18661
List the prime factors of 60764219.
131, 463849
What are the prime factors of 3924887823?
3, 43, 823, 12323
What are the prime factors of 261125949?
3, 7, 19, 93493
List the prime factors of 1941496067.
7, 17, 59, 276527
What are the prime factors of 1290874563?
3, 11, 23, 2333
List the prime factors of 300343641.
3, 13, 17, 613, 739
List the prime factors of 2820427592.
2, 352553449
What are the prime factors of 275961412?
2, 157, 439429
What are the prime factors of 173040373?
11, 15730943
List the prime factors of 268804597.
268804597
List the prime factors of 95090249.
95090249
What are the prime factors of 1489685097?
3, 496561699
List the prime factors of 4285115613.
3, 719, 662203
List the prime factors of 5621346.
2, 3, 41, 2539
What are the prime factors of 376874115?
3, 5, 3677, 6833
List the prime factors of 27133846.
2, 773, 17551
List th